{"id":3,"date":"2023-05-05T12:23:50","date_gmt":"2023-05-05T12:23:50","guid":{"rendered":"http:\/\/cls.bacasable-atoll.com\/?page_id=3"},"modified":"2023-05-23T08:33:05","modified_gmt":"2023-05-23T08:33:05","slug":"mentions-legales","status":"publish","type":"page","link":"https:\/\/cls.bacasable-atoll.com\/index.php\/mentions-legales\/","title":{"rendered":"Mentions L\u00e9gales"},"content":{"rendered":"\t\t<div data-elementor-type=\"wp-page\" data-elementor-id=\"3\" class=\"elementor elementor-3\" data-elementor-post-type=\"page\">\n\t\t\t\t\t\t\t<div class=\"elementor-element elementor-element-59e2673 e-flex e-con-boxed e-con e-parent\" data-id=\"59e2673\" data-element_type=\"container\" data-settings=\"{&quot;content_width&quot;:&quot;boxed&quot;}\" data-core-v316-plus=\"true\">\n\t\t\t\t\t<div class=\"e-con-inner\">\n\t\t\t\t<div class=\"elementor-element elementor-element-6d3fd89 elementor-widget elementor-widget-text-editor\" data-id=\"6d3fd89\" data-element_type=\"widget\" data-widget_type=\"text-editor.default\">\n\t\t\t\t<div class=\"elementor-widget-container\">\n\t\t\t<style>\/*! elementor - v3.16.0 - 20-09-2023 *\/\n.elementor-widget-text-editor.elementor-drop-cap-view-stacked .elementor-drop-cap{background-color:#69727d;color:#fff}.elementor-widget-text-editor.elementor-drop-cap-view-framed .elementor-drop-cap{color:#69727d;border:3px solid;background-color:transparent}.elementor-widget-text-editor:not(.elementor-drop-cap-view-default) .elementor-drop-cap{margin-top:8px}.elementor-widget-text-editor:not(.elementor-drop-cap-view-default) .elementor-drop-cap-letter{width:1em;height:1em}.elementor-widget-text-editor .elementor-drop-cap{float:left;text-align:center;line-height:1;font-size:50px}.elementor-widget-text-editor .elementor-drop-cap-letter{display:inline-block}<\/style>\t\t\t\t<p><b>Propri\u00e9taire :<\/b><br \/>C Logic Services<br \/>La Cramade\u00a0<br \/>31460 CARAMAN<\/p><p><b>Cr\u00e9ateur du site Internet :<\/b><br \/>sarl Atoll Design<br \/>2 rue Georges Artemoff<br \/>81540 Sor\u00e8ze<\/p><p><b>Responsable de publication :<\/b><br \/>Yvan COSSARD\u00a0 &#8211; 06 52 19 82 05<br \/><b><br \/>Droits d&rsquo;auteur :<\/b><br \/>Toute reproduction totale ou partielle de l&rsquo;ergonomie, du graphisme, des textes, des menus, des photos ou des mises en page est interdite, conform\u00e9ment aux dispositions de l&rsquo;article L. 122-4 du Code de la propri\u00e9t\u00e9 intellectuelle. Tout contrevenant sera passible de poursuites judiciaires pour contrefa\u00e7on.<\/p><p><b>Cr\u00e9dits photos :<\/b><br \/><span style=\"color: var( --e-global-color-f661898 ); font-family: var( --e-global-typography-text-font-family ), Sans-serif; text-align: var(--text-align); font-size: 1rem;\">C Logic Services, GLNC, IceSonic<\/span><\/p><p><b>H\u00e9bergeur :<\/b><\/p><p>Hostinger<\/p><p><b>Confidentialit\u00e9 des donn\u00e9es personnelles :<\/b><\/p><p>&#8211; Les donn\u00e9es transmises par les formulaires ne sont pas stock\u00e9es. Les formulaires ne sont qu&rsquo;une interface de mise en forme de l&rsquo;envoie d&rsquo;un email.<br \/>&#8211; Les donn\u00e9es transmises par les formulaires sont transmis \u00e0 l&rsquo;adresse\u00a0<a href=\"mailto:contact@clsfrance.com\" target=\"_blank\" rel=\"noopener\">contact@clsfrance.com<\/a>\u00a0et ne sont communiqu\u00e9es \u00e0 aucun tiers.<\/p><p>Vos donn\u00e9es personnelles (nom, pr\u00e9nom, adresse, code postal, ville, e-mail, &#8230;) sont collect\u00e9es dans le strict respect de la loi n\u00b02004-575 du 21 juin 2004 pour la Confiance dans l&rsquo;Economie Num\u00e9rique. Conform\u00e9ment \u00e0 la loi n\u00b078-17 du 6 janvier 1978 relative \u00e0 l&rsquo;informatique, aux fichiers et aux libert\u00e9s modifi\u00e9e par la nouvelle loi Informatique et Libert\u00e9s du 6 ao\u00fbt 2004, renforc\u00e9e par la loi RGPD vous disposez d&rsquo;un droit d&rsquo;acc\u00e8s, de modifications, de rectifications et de suppression des donn\u00e9es qui vous concernent.<\/p>\t\t\t\t\t\t<\/div>\n\t\t\t\t<\/div>\n\t\t\t\t\t<\/div>\n\t\t\t\t<\/div>\n\t\t\t\t\t\t\t<\/div>\n\t\t","protected":false},"excerpt":{"rendered":"<p>Propri\u00e9taire :C Logic ServicesLa Cramade\u00a031460 CARAMAN Cr\u00e9ateur du site Internet :sarl Atoll Design2 rue Georges Artemoff81540 Sor\u00e8ze Responsable de publication :Yvan COSSARD\u00a0 &#8211; 06 52 19 82 05Droits d&rsquo;auteur :Toute reproduction totale ou partielle de l&rsquo;ergonomie, du graphisme, des textes, des menus, des photos ou des mises en page est interdite, conform\u00e9ment aux dispositions de [&hellip;]<\/p>\n","protected":false},"author":1,"featured_media":0,"parent":0,"menu_order":0,"comment_status":"closed","ping_status":"closed","template":"","meta":{"inline_featured_image":false,"footnotes":""},"yoast_head":"<!-- This site is optimized with the Yoast SEO plugin v21.3 - https:\/\/yoast.com\/wordpress\/plugins\/seo\/ -->\n<title>Mentions L\u00e9gales - Clogicservices<\/title>\n<meta name=\"robots\" content=\"noindex, follow, max-snippet:-1, max-image-preview:large, max-video-preview:-1\" \/>\n<meta property=\"og:locale\" content=\"fr_FR\" \/>\n<meta property=\"og:type\" content=\"article\" \/>\n<meta property=\"og:title\" content=\"Mentions L\u00e9gales - Clogicservices\" \/>\n<meta property=\"og:description\" content=\"Propri\u00e9taire :C Logic ServicesLa Cramade\u00a031460 CARAMAN Cr\u00e9ateur du site Internet :sarl Atoll Design2 rue Georges Artemoff81540 Sor\u00e8ze Responsable de publication :Yvan COSSARD\u00a0 &#8211; 06 52 19 82 05Droits d&rsquo;auteur :Toute reproduction totale ou partielle de l&rsquo;ergonomie, du graphisme, des textes, des menus, des photos ou des mises en page est interdite, conform\u00e9ment aux dispositions de [&hellip;]\" \/>\n<meta property=\"og:url\" content=\"https:\/\/cls.bacasable-atoll.com\/index.php\/mentions-legales\/\" \/>\n<meta property=\"og:site_name\" content=\"Clogicservices\" \/>\n<meta property=\"article:modified_time\" content=\"2023-05-23T08:33:05+00:00\" \/>\n<meta name=\"twitter:card\" content=\"summary_large_image\" \/>\n<meta name=\"twitter:label1\" content=\"Dur\u00e9e de lecture estim\u00e9e\" \/>\n\t<meta name=\"twitter:data1\" content=\"2 minutes\" \/>\n<script type=\"application\/ld+json\" class=\"yoast-schema-graph\">{\"@context\":\"https:\/\/schema.org\",\"@graph\":[{\"@type\":\"WebPage\",\"@id\":\"https:\/\/cls.bacasable-atoll.com\/index.php\/mentions-legales\/\",\"url\":\"https:\/\/cls.bacasable-atoll.com\/index.php\/mentions-legales\/\",\"name\":\"Mentions L\u00e9gales - Clogicservices\",\"isPartOf\":{\"@id\":\"https:\/\/cls.bacasable-atoll.com\/#website\"},\"datePublished\":\"2023-05-05T12:23:50+00:00\",\"dateModified\":\"2023-05-23T08:33:05+00:00\",\"breadcrumb\":{\"@id\":\"https:\/\/cls.bacasable-atoll.com\/index.php\/mentions-legales\/#breadcrumb\"},\"inLanguage\":\"fr-FR\",\"potentialAction\":[{\"@type\":\"ReadAction\",\"target\":[\"https:\/\/cls.bacasable-atoll.com\/index.php\/mentions-legales\/\"]}]},{\"@type\":\"BreadcrumbList\",\"@id\":\"https:\/\/cls.bacasable-atoll.com\/index.php\/mentions-legales\/#breadcrumb\",\"itemListElement\":[{\"@type\":\"ListItem\",\"position\":1,\"name\":\"Accueil\",\"item\":\"https:\/\/cls.bacasable-atoll.com\/\"},{\"@type\":\"ListItem\",\"position\":2,\"name\":\"Mentions L\u00e9gales\"}]},{\"@type\":\"WebSite\",\"@id\":\"https:\/\/cls.bacasable-atoll.com\/#website\",\"url\":\"https:\/\/cls.bacasable-atoll.com\/\",\"name\":\"Clogicservices\",\"description\":\"Sublimation Laser &amp; Cryog\u00e9nisation\",\"publisher\":{\"@id\":\"https:\/\/cls.bacasable-atoll.com\/#organization\"},\"potentialAction\":[{\"@type\":\"SearchAction\",\"target\":{\"@type\":\"EntryPoint\",\"urlTemplate\":\"https:\/\/cls.bacasable-atoll.com\/?s={search_term_string}\"},\"query-input\":\"required name=search_term_string\"}],\"inLanguage\":\"fr-FR\"},{\"@type\":\"Organization\",\"@id\":\"https:\/\/cls.bacasable-atoll.com\/#organization\",\"name\":\"C Logic Services\",\"alternateName\":\"CLS France\",\"url\":\"https:\/\/cls.bacasable-atoll.com\/\",\"logo\":{\"@type\":\"ImageObject\",\"inLanguage\":\"fr-FR\",\"@id\":\"https:\/\/cls.bacasable-atoll.com\/#\/schema\/logo\/image\/\",\"url\":\"https:\/\/cls.bacasable-atoll.com\/wp-content\/uploads\/2023\/05\/logo-cls-NOIR.png\",\"contentUrl\":\"https:\/\/cls.bacasable-atoll.com\/wp-content\/uploads\/2023\/05\/logo-cls-NOIR.png\",\"width\":5253,\"height\":2118,\"caption\":\"C Logic Services\"},\"image\":{\"@id\":\"https:\/\/cls.bacasable-atoll.com\/#\/schema\/logo\/image\/\"}}]}<\/script>\n<!-- \/ Yoast SEO plugin. -->","yoast_head_json":{"title":"Mentions L\u00e9gales - Clogicservices","robots":{"index":"noindex","follow":"follow","max-snippet":"max-snippet:-1","max-image-preview":"max-image-preview:large","max-video-preview":"max-video-preview:-1"},"og_locale":"fr_FR","og_type":"article","og_title":"Mentions L\u00e9gales - Clogicservices","og_description":"Propri\u00e9taire :C Logic ServicesLa Cramade\u00a031460 CARAMAN Cr\u00e9ateur du site Internet :sarl Atoll Design2 rue Georges Artemoff81540 Sor\u00e8ze Responsable de publication :Yvan COSSARD\u00a0 &#8211; 06 52 19 82 05Droits d&rsquo;auteur :Toute reproduction totale ou partielle de l&rsquo;ergonomie, du graphisme, des textes, des menus, des photos ou des mises en page est interdite, conform\u00e9ment aux dispositions de [&hellip;]","og_url":"https:\/\/cls.bacasable-atoll.com\/index.php\/mentions-legales\/","og_site_name":"Clogicservices","article_modified_time":"2023-05-23T08:33:05+00:00","twitter_card":"summary_large_image","twitter_misc":{"Dur\u00e9e de lecture estim\u00e9e":"2 minutes"},"schema":{"@context":"https:\/\/schema.org","@graph":[{"@type":"WebPage","@id":"https:\/\/cls.bacasable-atoll.com\/index.php\/mentions-legales\/","url":"https:\/\/cls.bacasable-atoll.com\/index.php\/mentions-legales\/","name":"Mentions L\u00e9gales - Clogicservices","isPartOf":{"@id":"https:\/\/cls.bacasable-atoll.com\/#website"},"datePublished":"2023-05-05T12:23:50+00:00","dateModified":"2023-05-23T08:33:05+00:00","breadcrumb":{"@id":"https:\/\/cls.bacasable-atoll.com\/index.php\/mentions-legales\/#breadcrumb"},"inLanguage":"fr-FR","potentialAction":[{"@type":"ReadAction","target":["https:\/\/cls.bacasable-atoll.com\/index.php\/mentions-legales\/"]}]},{"@type":"BreadcrumbList","@id":"https:\/\/cls.bacasable-atoll.com\/index.php\/mentions-legales\/#breadcrumb","itemListElement":[{"@type":"ListItem","position":1,"name":"Accueil","item":"https:\/\/cls.bacasable-atoll.com\/"},{"@type":"ListItem","position":2,"name":"Mentions L\u00e9gales"}]},{"@type":"WebSite","@id":"https:\/\/cls.bacasable-atoll.com\/#website","url":"https:\/\/cls.bacasable-atoll.com\/","name":"Clogicservices","description":"Sublimation Laser &amp; Cryog\u00e9nisation","publisher":{"@id":"https:\/\/cls.bacasable-atoll.com\/#organization"},"potentialAction":[{"@type":"SearchAction","target":{"@type":"EntryPoint","urlTemplate":"https:\/\/cls.bacasable-atoll.com\/?s={search_term_string}"},"query-input":"required name=search_term_string"}],"inLanguage":"fr-FR"},{"@type":"Organization","@id":"https:\/\/cls.bacasable-atoll.com\/#organization","name":"C Logic Services","alternateName":"CLS France","url":"https:\/\/cls.bacasable-atoll.com\/","logo":{"@type":"ImageObject","inLanguage":"fr-FR","@id":"https:\/\/cls.bacasable-atoll.com\/#\/schema\/logo\/image\/","url":"https:\/\/cls.bacasable-atoll.com\/wp-content\/uploads\/2023\/05\/logo-cls-NOIR.png","contentUrl":"https:\/\/cls.bacasable-atoll.com\/wp-content\/uploads\/2023\/05\/logo-cls-NOIR.png","width":5253,"height":2118,"caption":"C Logic Services"},"image":{"@id":"https:\/\/cls.bacasable-atoll.com\/#\/schema\/logo\/image\/"}}]}},"_links":{"self":[{"href":"https:\/\/cls.bacasable-atoll.com\/index.php\/wp-json\/wp\/v2\/pages\/3"}],"collection":[{"href":"https:\/\/cls.bacasable-atoll.com\/index.php\/wp-json\/wp\/v2\/pages"}],"about":[{"href":"https:\/\/cls.bacasable-atoll.com\/index.php\/wp-json\/wp\/v2\/types\/page"}],"author":[{"embeddable":true,"href":"https:\/\/cls.bacasable-atoll.com\/index.php\/wp-json\/wp\/v2\/users\/1"}],"replies":[{"embeddable":true,"href":"https:\/\/cls.bacasable-atoll.com\/index.php\/wp-json\/wp\/v2\/comments?post=3"}],"version-history":[{"count":0,"href":"https:\/\/cls.bacasable-atoll.com\/index.php\/wp-json\/wp\/v2\/pages\/3\/revisions"}],"wp:attachment":[{"href":"https:\/\/cls.bacasable-atoll.com\/index.php\/wp-json\/wp\/v2\/media?parent=3"}],"curies":[{"name":"wp","href":"https:\/\/api.w.org\/{rel}","templated":true}]}}