{"id":58,"date":"2023-05-15T09:46:35","date_gmt":"2023-05-15T09:46:35","guid":{"rendered":"https:\/\/cls.bacasable-atoll.com\/?page_id=58"},"modified":"2023-10-05T08:06:36","modified_gmt":"2023-10-05T08:06:36","slug":"sublimation-par-laser","status":"publish","type":"page","link":"https:\/\/cls.bacasable-atoll.com\/index.php\/sublimation-par-laser\/","title":{"rendered":"Sublimation par laser"},"content":{"rendered":"\t\t<div data-elementor-type=\"wp-page\" data-elementor-id=\"58\" class=\"elementor elementor-58\" data-elementor-post-type=\"page\">\n\t\t\t\t\t\t\t<div class=\"elementor-element elementor-element-93bcd79 e-con-full e-flex e-con e-parent\" data-id=\"93bcd79\" data-element_type=\"container\" data-settings=\"{&quot;content_width&quot;:&quot;full&quot;,&quot;background_background&quot;:&quot;classic&quot;}\" data-core-v316-plus=\"true\">\n\t\t<div class=\"elementor-element elementor-element-0621b67 e-con-full e-flex e-con e-child\" data-id=\"0621b67\" data-element_type=\"container\" data-settings=\"{&quot;content_width&quot;:&quot;full&quot;}\">\n\t\t\t\t<div class=\"elementor-element elementor-element-2ca3f4f elementor-widget elementor-widget-heading\" data-id=\"2ca3f4f\" data-element_type=\"widget\" data-widget_type=\"heading.default\">\n\t\t\t\t<div class=\"elementor-widget-container\">\n\t\t\t<style>\/*! elementor - v3.16.0 - 20-09-2023 *\/\n.elementor-heading-title{padding:0;margin:0;line-height:1}.elementor-widget-heading .elementor-heading-title[class*=elementor-size-]>a{color:inherit;font-size:inherit;line-height:inherit}.elementor-widget-heading .elementor-heading-title.elementor-size-small{font-size:15px}.elementor-widget-heading .elementor-heading-title.elementor-size-medium{font-size:19px}.elementor-widget-heading .elementor-heading-title.elementor-size-large{font-size:29px}.elementor-widget-heading .elementor-heading-title.elementor-size-xl{font-size:39px}.elementor-widget-heading .elementor-heading-title.elementor-size-xxl{font-size:59px}<\/style><h2 class=\"elementor-heading-title elementor-size-default\">Sublimation par Laser<\/h2>\t\t<\/div>\n\t\t\t\t<\/div>\n\t\t\t\t<div class=\"elementor-element elementor-element-643932f elementor-widget elementor-widget-text-editor\" data-id=\"643932f\" data-element_type=\"widget\" data-widget_type=\"text-editor.default\">\n\t\t\t\t<div class=\"elementor-widget-container\">\n\t\t\t<style>\/*! elementor - v3.16.0 - 20-09-2023 *\/\n.elementor-widget-text-editor.elementor-drop-cap-view-stacked .elementor-drop-cap{background-color:#69727d;color:#fff}.elementor-widget-text-editor.elementor-drop-cap-view-framed .elementor-drop-cap{color:#69727d;border:3px solid;background-color:transparent}.elementor-widget-text-editor:not(.elementor-drop-cap-view-default) .elementor-drop-cap{margin-top:8px}.elementor-widget-text-editor:not(.elementor-drop-cap-view-default) .elementor-drop-cap-letter{width:1em;height:1em}.elementor-widget-text-editor .elementor-drop-cap{float:left;text-align:center;line-height:1;font-size:50px}.elementor-widget-text-editor .elementor-drop-cap-letter{display:inline-block}<\/style>\t\t\t\tLa puissance r\u00e9volutionnaire du laser : Une technologie d&rsquo;entretien pour des surfaces impeccables.\t\t\t\t\t\t<\/div>\n\t\t\t\t<\/div>\n\t\t\t\t<\/div>\n\t\t\t\t<\/div>\n\t\t<div class=\"elementor-element elementor-element-6522f5e e-flex e-con-boxed e-con e-parent\" data-id=\"6522f5e\" data-element_type=\"container\" data-settings=\"{&quot;content_width&quot;:&quot;boxed&quot;}\" data-core-v316-plus=\"true\">\n\t\t\t\t\t<div class=\"e-con-inner\">\n\t\t\t\t<div class=\"elementor-element elementor-element-d88495e elementor-widget elementor-widget-spacer\" data-id=\"d88495e\" data-element_type=\"widget\" data-widget_type=\"spacer.default\">\n\t\t\t\t<div class=\"elementor-widget-container\">\n\t\t\t<style>\/*! elementor - v3.16.0 - 20-09-2023 *\/\n.elementor-column .elementor-spacer-inner{height:var(--spacer-size)}.e-con{--container-widget-width:100%}.e-con-inner>.elementor-widget-spacer,.e-con>.elementor-widget-spacer{width:var(--container-widget-width,var(--spacer-size));--align-self:var(--container-widget-align-self,initial);--flex-shrink:0}.e-con-inner>.elementor-widget-spacer>.elementor-widget-container,.e-con>.elementor-widget-spacer>.elementor-widget-container{height:100%;width:100%}.e-con-inner>.elementor-widget-spacer>.elementor-widget-container>.elementor-spacer,.e-con>.elementor-widget-spacer>.elementor-widget-container>.elementor-spacer{height:100%}.e-con-inner>.elementor-widget-spacer>.elementor-widget-container>.elementor-spacer>.elementor-spacer-inner,.e-con>.elementor-widget-spacer>.elementor-widget-container>.elementor-spacer>.elementor-spacer-inner{height:var(--container-widget-height,var(--spacer-size))}.e-con-inner>.elementor-widget-spacer.elementor-widget-empty,.e-con>.elementor-widget-spacer.elementor-widget-empty{position:relative;min-height:22px;min-width:22px}.e-con-inner>.elementor-widget-spacer.elementor-widget-empty .elementor-widget-empty-icon,.e-con>.elementor-widget-spacer.elementor-widget-empty .elementor-widget-empty-icon{position:absolute;top:0;bottom:0;left:0;right:0;margin:auto;padding:0;width:22px;height:22px}<\/style>\t\t<div class=\"elementor-spacer\">\n\t\t\t<div class=\"elementor-spacer-inner\"><\/div>\n\t\t<\/div>\n\t\t\t\t<\/div>\n\t\t\t\t<\/div>\n\t\t\t\t\t<\/div>\n\t\t\t\t<\/div>\n\t\t<div class=\"elementor-element elementor-element-b3bf6a7 e-flex e-con-boxed e-con e-parent\" data-id=\"b3bf6a7\" data-element_type=\"container\" data-settings=\"{&quot;content_width&quot;:&quot;boxed&quot;}\" data-core-v316-plus=\"true\">\n\t\t\t\t\t<div class=\"e-con-inner\">\n\t\t<div class=\"elementor-element elementor-element-e04e8f0 e-con-full e-flex e-con e-child\" data-id=\"e04e8f0\" data-element_type=\"container\" data-settings=\"{&quot;content_width&quot;:&quot;full&quot;}\">\n\t\t\t\t<div class=\"elementor-element elementor-element-ea3b252 elementor-widget elementor-widget-heading\" data-id=\"ea3b252\" data-element_type=\"widget\" data-widget_type=\"heading.default\">\n\t\t\t\t<div class=\"elementor-widget-container\">\n\t\t\t<h2 class=\"elementor-heading-title elementor-size-default\">EFFICACE ET PR\u00c9CIS<\/h2>\t\t<\/div>\n\t\t\t\t<\/div>\n\t\t\t\t<div class=\"elementor-element elementor-element-6aaac60 elementor-widget elementor-widget-heading\" data-id=\"6aaac60\" data-element_type=\"widget\" data-widget_type=\"heading.default\">\n\t\t\t\t<div class=\"elementor-widget-container\">\n\t\t\t<h2 class=\"elementor-heading-title elementor-size-default\">Une remise \u00e0 l\u2019origine de la surface trait\u00e9e sans la d\u00e9naturer.\n<\/h2>\t\t<\/div>\n\t\t\t\t<\/div>\n\t\t\t\t<div class=\"elementor-element elementor-element-9027a41 elementor-widget elementor-widget-text-editor\" data-id=\"9027a41\" data-element_type=\"widget\" data-widget_type=\"text-editor.default\">\n\t\t\t\t<div class=\"elementor-widget-container\">\n\t\t\t\t\t\t\t<div class=\"u-container-style u-layout-cell u-left-cell u-size-30 u-layout-cell-1\"><div class=\"u-container-layout u-container-layout-1\"><p class=\"u-text u-text-3\">Offrez une nouvelle vie \u00e0 vos surfaces et machines industrielles gr\u00e2ce \u00e0 la puissance du laser. \u00c9liminez rapidement et efficacement la salet\u00e9, la rouille et les rev\u00eatements ind\u00e9sirables. Sans d\u00e9montage ni perturbation de la production, le nettoyage laser garantit des r\u00e9sultats spectaculaires tout en pr\u00e9servant l&rsquo;int\u00e9grit\u00e9 structurelle.<\/p><\/div><\/div><div class=\"u-align-left u-container-style u-image u-layout-cell u-right-cell u-size-30 u-image-1\" data-image-width=\"1280\" data-image-height=\"720\">\u00a0<\/div>\t\t\t\t\t\t<\/div>\n\t\t\t\t<\/div>\n\t\t\t\t<\/div>\n\t\t<div class=\"elementor-element elementor-element-6bca567 e-con-full e-flex e-con e-child\" data-id=\"6bca567\" data-element_type=\"container\" data-settings=\"{&quot;content_width&quot;:&quot;full&quot;,&quot;background_background&quot;:&quot;video&quot;,&quot;background_video_link&quot;:&quot;https:\\\/\\\/res.cloudinary.com\\\/realksanova\\\/video\\\/upload\\\/v1695394853\\\/VID-20230922-WA0017_b9utkf.mp4&quot;}\">\n\t\t<div class=\"elementor-background-video-container elementor-hidden-phone\">\n\t\t\t\t\t\t\t<video class=\"elementor-background-video-hosted elementor-html5-video\" autoplay muted playsinline loop><\/video>\n\t\t\t\t\t<\/div>\t\t<\/div>\n\t\t\t\t\t<\/div>\n\t\t\t\t<\/div>\n\t\t<div class=\"elementor-element elementor-element-d0bb9a2 e-flex e-con-boxed e-con e-parent\" data-id=\"d0bb9a2\" data-element_type=\"container\" data-settings=\"{&quot;content_width&quot;:&quot;boxed&quot;}\" data-core-v316-plus=\"true\">\n\t\t\t\t\t<div class=\"e-con-inner\">\n\t\t\t\t<div class=\"elementor-element elementor-element-9a143ea elementor-widget elementor-widget-spacer\" data-id=\"9a143ea\" data-element_type=\"widget\" data-widget_type=\"spacer.default\">\n\t\t\t\t<div class=\"elementor-widget-container\">\n\t\t\t\t\t<div class=\"elementor-spacer\">\n\t\t\t<div class=\"elementor-spacer-inner\"><\/div>\n\t\t<\/div>\n\t\t\t\t<\/div>\n\t\t\t\t<\/div>\n\t\t\t\t\t<\/div>\n\t\t\t\t<\/div>\n\t\t<div class=\"elementor-element elementor-element-99d7bb2 e-con-full e-flex e-con e-parent\" data-id=\"99d7bb2\" data-element_type=\"container\" data-settings=\"{&quot;content_width&quot;:&quot;full&quot;,&quot;background_background&quot;:&quot;classic&quot;}\" data-core-v316-plus=\"true\">\n\t\t\t\t<div class=\"elementor-element elementor-element-aa698cc elementor-widget elementor-widget-spacer\" data-id=\"aa698cc\" data-element_type=\"widget\" data-widget_type=\"spacer.default\">\n\t\t\t\t<div class=\"elementor-widget-container\">\n\t\t\t\t\t<div class=\"elementor-spacer\">\n\t\t\t<div class=\"elementor-spacer-inner\"><\/div>\n\t\t<\/div>\n\t\t\t\t<\/div>\n\t\t\t\t<\/div>\n\t\t\t\t<div class=\"elementor-element elementor-element-1faadc5 elementor-widget elementor-widget-heading\" data-id=\"1faadc5\" data-element_type=\"widget\" data-widget_type=\"heading.default\">\n\t\t\t\t<div class=\"elementor-widget-container\">\n\t\t\t<h2 class=\"elementor-heading-title elementor-size-default\">LA SUBLIMATION EN ACTION<\/h2>\t\t<\/div>\n\t\t\t\t<\/div>\n\t\t\t\t<div class=\"elementor-element elementor-element-c8c6a6f elementor-widget elementor-widget-text-editor\" data-id=\"c8c6a6f\" data-element_type=\"widget\" data-widget_type=\"text-editor.default\">\n\t\t\t\t<div class=\"elementor-widget-container\">\n\t\t\t\t\t\t\tParce que la sublimation est d\u00e9j\u00e0 une r\u00e9alit\u00e9 concr\u00e8te, <br>d\u00e9couvrez sa force et p\u00e9r\u00e9nisez vos\noutils de production&#8230;\t\t\t\t\t\t<\/div>\n\t\t\t\t<\/div>\n\t\t<div class=\"elementor-element elementor-element-8a5612b e-flex e-con-boxed e-con e-child\" data-id=\"8a5612b\" data-element_type=\"container\" data-settings=\"{&quot;content_width&quot;:&quot;boxed&quot;}\">\n\t\t\t\t\t<div class=\"e-con-inner\">\n\t\t\t\t<div class=\"elementor-element elementor-element-275fb2c elementor-widget elementor-widget-image\" data-id=\"275fb2c\" data-element_type=\"widget\" data-widget_type=\"image.default\">\n\t\t\t\t<div class=\"elementor-widget-container\">\n\t\t\t<style>\/*! elementor - v3.16.0 - 20-09-2023 *\/\n.elementor-widget-image{text-align:center}.elementor-widget-image a{display:inline-block}.elementor-widget-image a img[src$=\".svg\"]{width:48px}.elementor-widget-image img{vertical-align:middle;display:inline-block}<\/style>\t\t\t\t\t\t\t\t\t\t\t\t<img decoding=\"async\" src=\"https:\/\/cls.bacasable-atoll.com\/wp-content\/uploads\/2023\/05\/asawcxc.png\" title=\"asawcxc\" alt=\"asawcxc\" loading=\"lazy\" \/>\t\t\t\t\t\t\t\t\t\t\t\t\t\t\t<\/div>\n\t\t\t\t<\/div>\n\t\t\t\t<div class=\"elementor-element elementor-element-59a0dbe elementor-widget elementor-widget-image\" data-id=\"59a0dbe\" data-element_type=\"widget\" data-widget_type=\"image.default\">\n\t\t\t\t<div class=\"elementor-widget-container\">\n\t\t\t\t\t\t\t\t\t\t\t\t\t\t\t<img decoding=\"async\" src=\"https:\/\/cls.bacasable-atoll.com\/wp-content\/uploads\/2023\/05\/zdzqdq1.png\" title=\"zdzqdq1\" alt=\"zdzqdq1\" loading=\"lazy\" \/>\t\t\t\t\t\t\t\t\t\t\t\t\t\t\t<\/div>\n\t\t\t\t<\/div>\n\t\t\t\t<div class=\"elementor-element elementor-element-fe58550 elementor-widget elementor-widget-image\" data-id=\"fe58550\" data-element_type=\"widget\" data-widget_type=\"image.default\">\n\t\t\t\t<div class=\"elementor-widget-container\">\n\t\t\t\t\t\t\t\t\t\t\t\t\t\t\t<img decoding=\"async\" src=\"https:\/\/cls.bacasable-atoll.com\/wp-content\/uploads\/2023\/05\/dzqadzeqz.png\" title=\"dzqadzeqz\" alt=\"dzqadzeqz\" loading=\"lazy\" \/>\t\t\t\t\t\t\t\t\t\t\t\t\t\t\t<\/div>\n\t\t\t\t<\/div>\n\t\t\t\t<div class=\"elementor-element elementor-element-316f332 elementor-widget elementor-widget-image\" data-id=\"316f332\" data-element_type=\"widget\" data-widget_type=\"image.default\">\n\t\t\t\t<div class=\"elementor-widget-container\">\n\t\t\t\t\t\t\t\t\t\t\t\t\t\t\t<img decoding=\"async\" src=\"https:\/\/cls.bacasable-atoll.com\/wp-content\/uploads\/2023\/05\/526524.png\" title=\"526524\" alt=\"526524\" loading=\"lazy\" \/>\t\t\t\t\t\t\t\t\t\t\t\t\t\t\t<\/div>\n\t\t\t\t<\/div>\n\t\t\t\t<div class=\"elementor-element elementor-element-f124e47 elementor-widget elementor-widget-image\" data-id=\"f124e47\" data-element_type=\"widget\" data-widget_type=\"image.default\">\n\t\t\t\t<div class=\"elementor-widget-container\">\n\t\t\t\t\t\t\t\t\t\t\t\t\t\t\t<img decoding=\"async\" src=\"https:\/\/cls.bacasable-atoll.com\/wp-content\/uploads\/2023\/05\/dqdzqdqzdq.png\" title=\"dqdzqdqzdq\" alt=\"dqdzqdqzdq\" loading=\"lazy\" \/>\t\t\t\t\t\t\t\t\t\t\t\t\t\t\t<\/div>\n\t\t\t\t<\/div>\n\t\t\t\t<div class=\"elementor-element elementor-element-d03ef22 elementor-widget elementor-widget-image\" data-id=\"d03ef22\" data-element_type=\"widget\" data-widget_type=\"image.default\">\n\t\t\t\t<div class=\"elementor-widget-container\">\n\t\t\t\t\t\t\t\t\t\t\t\t\t\t\t<img decoding=\"async\" src=\"https:\/\/cls.bacasable-atoll.com\/wp-content\/uploads\/2023\/05\/zfqdqdz.png\" title=\"zfqdqdz\" alt=\"zfqdqdz\" loading=\"lazy\" \/>\t\t\t\t\t\t\t\t\t\t\t\t\t\t\t<\/div>\n\t\t\t\t<\/div>\n\t\t\t\t\t<\/div>\n\t\t\t\t<\/div>\n\t\t\t\t<\/div>\n\t\t<div class=\"elementor-element elementor-element-079931d e-flex e-con-boxed e-con e-parent\" data-id=\"079931d\" data-element_type=\"container\" data-settings=\"{&quot;background_background&quot;:&quot;classic&quot;,&quot;content_width&quot;:&quot;boxed&quot;}\" data-core-v316-plus=\"true\">\n\t\t\t\t\t<div class=\"e-con-inner\">\n\t\t\t\t<div class=\"elementor-element elementor-element-b21baa6 elementor-widget elementor-widget-spacer\" data-id=\"b21baa6\" data-element_type=\"widget\" data-widget_type=\"spacer.default\">\n\t\t\t\t<div class=\"elementor-widget-container\">\n\t\t\t\t\t<div class=\"elementor-spacer\">\n\t\t\t<div class=\"elementor-spacer-inner\"><\/div>\n\t\t<\/div>\n\t\t\t\t<\/div>\n\t\t\t\t<\/div>\n\t\t\t\t\t<\/div>\n\t\t\t\t<\/div>\n\t\t<div class=\"elementor-element elementor-element-41bba40 e-flex e-con-boxed e-con e-parent\" data-id=\"41bba40\" data-element_type=\"container\" data-settings=\"{&quot;background_background&quot;:&quot;classic&quot;,&quot;content_width&quot;:&quot;boxed&quot;}\" data-core-v316-plus=\"true\">\n\t\t\t\t\t<div class=\"e-con-inner\">\n\t\t\t\t<div class=\"elementor-element elementor-element-b780e1b elementor-widget elementor-widget-spacer\" data-id=\"b780e1b\" data-element_type=\"widget\" data-widget_type=\"spacer.default\">\n\t\t\t\t<div class=\"elementor-widget-container\">\n\t\t\t\t\t<div class=\"elementor-spacer\">\n\t\t\t<div class=\"elementor-spacer-inner\"><\/div>\n\t\t<\/div>\n\t\t\t\t<\/div>\n\t\t\t\t<\/div>\n\t\t\t\t<div class=\"elementor-element elementor-element-2d6c19b elementor-widget elementor-widget-heading\" data-id=\"2d6c19b\" data-element_type=\"widget\" data-widget_type=\"heading.default\">\n\t\t\t\t<div class=\"elementor-widget-container\">\n\t\t\t<h2 class=\"elementor-heading-title elementor-size-default\">Vous souhaitez en savoir plus sur la sublimation ?\n<\/h2>\t\t<\/div>\n\t\t\t\t<\/div>\n\t\t\t\t<div class=\"elementor-element elementor-element-ea02aae elementor-widget elementor-widget-text-editor\" data-id=\"ea02aae\" data-element_type=\"widget\" data-widget_type=\"text-editor.default\">\n\t\t\t\t<div class=\"elementor-widget-container\">\n\t\t\t\t\t\t\t<p>Demandez d\u00e8s maintenant une d\u00e9monstration sur mesure et constatez par <br \/>vous-m\u00eame l&rsquo;efficacit\u00e9 de ces technologies hors du commun.<\/p>\t\t\t\t\t\t<\/div>\n\t\t\t\t<\/div>\n\t\t\t\t<div class=\"elementor-element elementor-element-7ad593e elementor-widget elementor-widget-premium-addon-button\" data-id=\"7ad593e\" data-element_type=\"widget\" data-widget_type=\"premium-addon-button.default\">\n\t\t\t\t<div class=\"elementor-widget-container\">\n\t\t\t\r\n\r\n\t\t<a class=\"premium-button premium-button-none premium-btn-lg premium-button-none\" href=\"https:\/\/cls.bacasable-atoll.com\/index.php\/contact\/\">\r\n\t\t\t<div class=\"premium-button-text-icon-wrapper\">\r\n\t\t\t\t\t\t\t\t<span >\r\n\t\t\t\t\tContacter\t\t\t\t<\/span>\r\n\t\t\t\t\t\t\t<\/div>\r\n\t\t\t\t\t\t\t\t<\/a>\r\n\r\n\r\n\t\t\t\t<\/div>\n\t\t\t\t<\/div>\n\t\t\t\t<div class=\"elementor-element elementor-element-7500bf3 elementor-widget elementor-widget-spacer\" data-id=\"7500bf3\" data-element_type=\"widget\" data-widget_type=\"spacer.default\">\n\t\t\t\t<div class=\"elementor-widget-container\">\n\t\t\t\t\t<div class=\"elementor-spacer\">\n\t\t\t<div class=\"elementor-spacer-inner\"><\/div>\n\t\t<\/div>\n\t\t\t\t<\/div>\n\t\t\t\t<\/div>\n\t\t\t\t\t<\/div>\n\t\t\t\t<\/div>\n\t\t\t\t\t\t\t<\/div>\n\t\t","protected":false},"excerpt":{"rendered":"<p>Sublimation par Laser La puissance r\u00e9volutionnaire du laser : Une technologie d&rsquo;entretien pour des surfaces impeccables. EFFICACE ET PR\u00c9CIS Une remise \u00e0 l\u2019origine de la surface trait\u00e9e sans la d\u00e9naturer. Offrez une nouvelle vie \u00e0 vos surfaces et machines industrielles gr\u00e2ce \u00e0 la puissance du laser. \u00c9liminez rapidement et efficacement la salet\u00e9, la rouille et [&hellip;]<\/p>\n","protected":false},"author":1,"featured_media":0,"parent":0,"menu_order":0,"comment_status":"closed","ping_status":"closed","template":"","meta":{"inline_featured_image":false,"footnotes":""},"yoast_head":"<!-- This site is optimized with the Yoast SEO plugin v21.3 - https:\/\/yoast.com\/wordpress\/plugins\/seo\/ -->\n<title>Sublimation par laser - Clogicservices<\/title>\n<meta name=\"robots\" content=\"noindex, follow, max-snippet:-1, max-image-preview:large, max-video-preview:-1\" \/>\n<meta property=\"og:locale\" content=\"fr_FR\" \/>\n<meta property=\"og:type\" content=\"article\" \/>\n<meta property=\"og:title\" content=\"Sublimation par laser - Clogicservices\" \/>\n<meta property=\"og:description\" content=\"Sublimation par Laser La puissance r\u00e9volutionnaire du laser : Une technologie d&rsquo;entretien pour des surfaces impeccables. EFFICACE ET PR\u00c9CIS Une remise \u00e0 l\u2019origine de la surface trait\u00e9e sans la d\u00e9naturer. Offrez une nouvelle vie \u00e0 vos surfaces et machines industrielles gr\u00e2ce \u00e0 la puissance du laser. \u00c9liminez rapidement et efficacement la salet\u00e9, la rouille et [&hellip;]\" \/>\n<meta property=\"og:url\" content=\"https:\/\/cls.bacasable-atoll.com\/index.php\/sublimation-par-laser\/\" \/>\n<meta property=\"og:site_name\" content=\"Clogicservices\" \/>\n<meta property=\"article:modified_time\" content=\"2023-10-05T08:06:36+00:00\" \/>\n<meta property=\"og:image\" content=\"http:\/\/cls.bacasable-atoll.com\/wp-content\/uploads\/2023\/05\/asawcxc.png\" \/>\n<meta name=\"twitter:card\" content=\"summary_large_image\" \/>\n<meta name=\"twitter:label1\" content=\"Dur\u00e9e de lecture estim\u00e9e\" \/>\n\t<meta name=\"twitter:data1\" content=\"2 minutes\" \/>\n<script type=\"application\/ld+json\" class=\"yoast-schema-graph\">{\"@context\":\"https:\/\/schema.org\",\"@graph\":[{\"@type\":\"WebPage\",\"@id\":\"https:\/\/cls.bacasable-atoll.com\/index.php\/sublimation-par-laser\/\",\"url\":\"https:\/\/cls.bacasable-atoll.com\/index.php\/sublimation-par-laser\/\",\"name\":\"Sublimation par laser - Clogicservices\",\"isPartOf\":{\"@id\":\"https:\/\/cls.bacasable-atoll.com\/#website\"},\"datePublished\":\"2023-05-15T09:46:35+00:00\",\"dateModified\":\"2023-10-05T08:06:36+00:00\",\"breadcrumb\":{\"@id\":\"https:\/\/cls.bacasable-atoll.com\/index.php\/sublimation-par-laser\/#breadcrumb\"},\"inLanguage\":\"fr-FR\",\"potentialAction\":[{\"@type\":\"ReadAction\",\"target\":[\"https:\/\/cls.bacasable-atoll.com\/index.php\/sublimation-par-laser\/\"]}]},{\"@type\":\"BreadcrumbList\",\"@id\":\"https:\/\/cls.bacasable-atoll.com\/index.php\/sublimation-par-laser\/#breadcrumb\",\"itemListElement\":[{\"@type\":\"ListItem\",\"position\":1,\"name\":\"Accueil\",\"item\":\"https:\/\/cls.bacasable-atoll.com\/\"},{\"@type\":\"ListItem\",\"position\":2,\"name\":\"Sublimation par laser\"}]},{\"@type\":\"WebSite\",\"@id\":\"https:\/\/cls.bacasable-atoll.com\/#website\",\"url\":\"https:\/\/cls.bacasable-atoll.com\/\",\"name\":\"Clogicservices\",\"description\":\"Sublimation Laser &amp; Cryog\u00e9nisation\",\"publisher\":{\"@id\":\"https:\/\/cls.bacasable-atoll.com\/#organization\"},\"potentialAction\":[{\"@type\":\"SearchAction\",\"target\":{\"@type\":\"EntryPoint\",\"urlTemplate\":\"https:\/\/cls.bacasable-atoll.com\/?s={search_term_string}\"},\"query-input\":\"required name=search_term_string\"}],\"inLanguage\":\"fr-FR\"},{\"@type\":\"Organization\",\"@id\":\"https:\/\/cls.bacasable-atoll.com\/#organization\",\"name\":\"C Logic Services\",\"alternateName\":\"CLS France\",\"url\":\"https:\/\/cls.bacasable-atoll.com\/\",\"logo\":{\"@type\":\"ImageObject\",\"inLanguage\":\"fr-FR\",\"@id\":\"https:\/\/cls.bacasable-atoll.com\/#\/schema\/logo\/image\/\",\"url\":\"https:\/\/cls.bacasable-atoll.com\/wp-content\/uploads\/2023\/05\/logo-cls-NOIR.png\",\"contentUrl\":\"https:\/\/cls.bacasable-atoll.com\/wp-content\/uploads\/2023\/05\/logo-cls-NOIR.png\",\"width\":5253,\"height\":2118,\"caption\":\"C Logic Services\"},\"image\":{\"@id\":\"https:\/\/cls.bacasable-atoll.com\/#\/schema\/logo\/image\/\"}}]}<\/script>\n<!-- \/ Yoast SEO plugin. -->","yoast_head_json":{"title":"Sublimation par laser - Clogicservices","robots":{"index":"noindex","follow":"follow","max-snippet":"max-snippet:-1","max-image-preview":"max-image-preview:large","max-video-preview":"max-video-preview:-1"},"og_locale":"fr_FR","og_type":"article","og_title":"Sublimation par laser - Clogicservices","og_description":"Sublimation par Laser La puissance r\u00e9volutionnaire du laser : Une technologie d&rsquo;entretien pour des surfaces impeccables. EFFICACE ET PR\u00c9CIS Une remise \u00e0 l\u2019origine de la surface trait\u00e9e sans la d\u00e9naturer. Offrez une nouvelle vie \u00e0 vos surfaces et machines industrielles gr\u00e2ce \u00e0 la puissance du laser. \u00c9liminez rapidement et efficacement la salet\u00e9, la rouille et [&hellip;]","og_url":"https:\/\/cls.bacasable-atoll.com\/index.php\/sublimation-par-laser\/","og_site_name":"Clogicservices","article_modified_time":"2023-10-05T08:06:36+00:00","og_image":[{"url":"http:\/\/cls.bacasable-atoll.com\/wp-content\/uploads\/2023\/05\/asawcxc.png"}],"twitter_card":"summary_large_image","twitter_misc":{"Dur\u00e9e de lecture estim\u00e9e":"2 minutes"},"schema":{"@context":"https:\/\/schema.org","@graph":[{"@type":"WebPage","@id":"https:\/\/cls.bacasable-atoll.com\/index.php\/sublimation-par-laser\/","url":"https:\/\/cls.bacasable-atoll.com\/index.php\/sublimation-par-laser\/","name":"Sublimation par laser - Clogicservices","isPartOf":{"@id":"https:\/\/cls.bacasable-atoll.com\/#website"},"datePublished":"2023-05-15T09:46:35+00:00","dateModified":"2023-10-05T08:06:36+00:00","breadcrumb":{"@id":"https:\/\/cls.bacasable-atoll.com\/index.php\/sublimation-par-laser\/#breadcrumb"},"inLanguage":"fr-FR","potentialAction":[{"@type":"ReadAction","target":["https:\/\/cls.bacasable-atoll.com\/index.php\/sublimation-par-laser\/"]}]},{"@type":"BreadcrumbList","@id":"https:\/\/cls.bacasable-atoll.com\/index.php\/sublimation-par-laser\/#breadcrumb","itemListElement":[{"@type":"ListItem","position":1,"name":"Accueil","item":"https:\/\/cls.bacasable-atoll.com\/"},{"@type":"ListItem","position":2,"name":"Sublimation par laser"}]},{"@type":"WebSite","@id":"https:\/\/cls.bacasable-atoll.com\/#website","url":"https:\/\/cls.bacasable-atoll.com\/","name":"Clogicservices","description":"Sublimation Laser &amp; Cryog\u00e9nisation","publisher":{"@id":"https:\/\/cls.bacasable-atoll.com\/#organization"},"potentialAction":[{"@type":"SearchAction","target":{"@type":"EntryPoint","urlTemplate":"https:\/\/cls.bacasable-atoll.com\/?s={search_term_string}"},"query-input":"required name=search_term_string"}],"inLanguage":"fr-FR"},{"@type":"Organization","@id":"https:\/\/cls.bacasable-atoll.com\/#organization","name":"C Logic Services","alternateName":"CLS France","url":"https:\/\/cls.bacasable-atoll.com\/","logo":{"@type":"ImageObject","inLanguage":"fr-FR","@id":"https:\/\/cls.bacasable-atoll.com\/#\/schema\/logo\/image\/","url":"https:\/\/cls.bacasable-atoll.com\/wp-content\/uploads\/2023\/05\/logo-cls-NOIR.png","contentUrl":"https:\/\/cls.bacasable-atoll.com\/wp-content\/uploads\/2023\/05\/logo-cls-NOIR.png","width":5253,"height":2118,"caption":"C Logic Services"},"image":{"@id":"https:\/\/cls.bacasable-atoll.com\/#\/schema\/logo\/image\/"}}]}},"_links":{"self":[{"href":"https:\/\/cls.bacasable-atoll.com\/index.php\/wp-json\/wp\/v2\/pages\/58"}],"collection":[{"href":"https:\/\/cls.bacasable-atoll.com\/index.php\/wp-json\/wp\/v2\/pages"}],"about":[{"href":"https:\/\/cls.bacasable-atoll.com\/index.php\/wp-json\/wp\/v2\/types\/page"}],"author":[{"embeddable":true,"href":"https:\/\/cls.bacasable-atoll.com\/index.php\/wp-json\/wp\/v2\/users\/1"}],"replies":[{"embeddable":true,"href":"https:\/\/cls.bacasable-atoll.com\/index.php\/wp-json\/wp\/v2\/comments?post=58"}],"version-history":[{"count":15,"href":"https:\/\/cls.bacasable-atoll.com\/index.php\/wp-json\/wp\/v2\/pages\/58\/revisions"}],"predecessor-version":[{"id":1405,"href":"https:\/\/cls.bacasable-atoll.com\/index.php\/wp-json\/wp\/v2\/pages\/58\/revisions\/1405"}],"wp:attachment":[{"href":"https:\/\/cls.bacasable-atoll.com\/index.php\/wp-json\/wp\/v2\/media?parent=58"}],"curies":[{"name":"wp","href":"https:\/\/api.w.org\/{rel}","templated":true}]}}